.
-2
Let l(r) = -8*r**2. Suppose -198 = 22*x - 24*x. Suppose -4*j + x - 95 = 0. Give l(j).
-8
Let c(g) be the second derivative of -g**3/3 - g**2/2 - 368*g. Give c(-1).
1
Let j(r) = 8*r**2 - r. Let y = -28 - -38. Suppose 3*t = 3*z + 1 - 7, 3*t + y = -z. Calculate j(z).
9
Let p(j) be the third derivative of j**6/120 + j**5/12 + j**4/12 + j**3/2 + 229*j**2. Calculate p(-5).
-7
Let b(r) be the first derivative of -r**4/4 + r**3/3 + r**2/2 + 4*r - 2. Suppose -o + 12 = -l + 3*o, 4*o - 12 = -4*l. Calculate b(l).
4
Let q = -13 + 7. Let s(i) = -3*i - 8. Let m(c) = 2*c - 3. Let w be m(0). Let n(x) = 4*x + 8. Let k(a) = w*s(a) - 2*n(a). Give k(q).
2
Suppose -24*n - 2 = 2*x - 22*n, 5*x - 5*n = 25. Let u(j) = 2*j**2 + j**2 - j**2 + 2*j. Calculate u(x).
12
Let u be 5 + 3*4/(-12) + -2. Let r(x) = -3*x**2 + 4*x**2 + 4 - 2*x + x**2 - x**3 - 2. Give r(u).
-2
Suppose -398*j - 508 = -144*j. Let l(d) be the third derivative of -d**6/60 - d**5/30 - d**4/12 - d**3/3 - d**2. Calculate l(j).
10
Let z(n) = 2*n**2 - 6*n + 5. Let c be z(3). Let p(q) = -4 + 6*q**2 + 7 + 2*q**3 + c. Let i(j) = -j**3. Let f(a) = 3*i(a) + p(a). Calculate f(6).
8
Let k(y) = -y**2 + 8*y + 7. Let l be 2 + -5 - (-6 - 3). Suppose -3*s - 18 = -3*u, 3*u + 10*s - 32 = l*s. Calculate k(u).
7
Let n(x) = 3*x + 2. Suppose -3 = 5*l + 17*w - 16*w, 4*l - 3*w = -10. Give n(l).
-1
Suppose -8*j + 5*j + 18 = 0. Let p(q) = -j*q + 8*q - 5*q - 3. What is p(-2)?
3
Suppose 0 = 7*l + 38*l + 90. Let y(n) = n**3 + n**2 + n + 1. Calculate y(l).
-5
Suppose -l + 3 = -2. Suppose -8 = 4*y - y + r, 0 = -l*y + 4*r + 15. Let c(n) be the first derivative of n**3/3 - n**2/2 + 121. What is c(y)?
2
Let v(m) be the second derivative of m**3/3 + 62*m. Let s be 1/2*2 - -4. Suppose -1 - 4 = s*q. Give v(q).
-2
Suppose 0 = -4*q + 3*q. Let u(v) = -v + q + v - 9 - v. Calculate u(-5).
-4
Let p(r) = -r**2 + 7*r - 10. Suppose l + 4 = 8. Determine p(l).
2
Let o(d) = d**3 - d**2 - 6*d - 6. Let i be o(3). Let v(w) = -2*w**2 - 6*w + 8. Calculate v(i).
-28
Let y(c) = -48*c**2 + c**3 + 23*c**2 - 2 + 21*c**2 - c - 2*c**3. Determine y(-2).
-8
Let i(p) be the third derivative of p**6/120 + 7*p**5/60 + p**4/3 + p**3/3 + 4*p**2. Let n = -45 + 39. Determine i(n).
-10
Let p(z) = -z**2 + 5*z - 3. Suppose -58 - 2 = 3*r. Let l be (-1)/(24/r + 1). Give p(l).
-3
Let h(d) = 2*d**2 + 10*d. Let k be h(-5). Suppose k = 3*t + v - 19, -4*t + 2*v + 34 = -v. Let n(y) = -y**3 + 7*y**2 + 1. Calculate n(t).
1
Let i = -239 - -233. Let g(f) = -f**2 - 8*f - 9. Calculate g(i).
3
Let j(d) = -d**2 - 6*d + 4. Let q(p) = p**3 - 5*p**2 - 5*p - 11. Suppose 21*r + 30 = 26*r. Let x be q(r). Give j(x).
9
Let i(g) = -g**2 - g + 5. Let l(n) = n - 4. Let q(f) = 2 + 0*f + 3 - f + 0. Let a(s) = 4*l(s) + 3*q(s). Let t be a(-3). Calculate i(t).
-7
Let x(o) = -o - 8. Let v(y) = -y - 12. Let w(i) = -5*v(i) + 8*x(i). Let u = -5 + 1. Give w(u).
8
Let u(m) = 3*m + 6. Let p be u(3). Let b = p + -11. Let q(o) = 2*o**2 - 6*o. Give q(b).
8
Let t = 76 - 72. Let a(n) = 14*n + 6*n**2 - 16 + 8 - n**3 - t*n. What is a(7)?
13
Suppose 0 = x - 2 - 1. Let m(l) = -10 + 7 + l + l**x + 0*l**3 + 4 + 3*l**2. Let g be (2*1 - -1)/(-1). What is m(g)?
-2
Let u be (4 - -8) + (-8)/(-2). Let r(m) = 0*m - u + m**2 - 3*m + 19. What is r(4)?
7
Let m(r) = 0*r**3 + r**2 + r**3 + 5*r**2 + 184*r - 183*r - 6. Give m(-6).
-12
Suppose -d = 22 - 25. Let h(a) = -2 + 4 - 2*a + 4*a**2 - a**d + a**2 - 2*a. Calculate h(4).
2
Let f(d) = -d + 1. Let w(g) = -5. Let q(k) = 5*f(k) + w(k). Let b be q(-4). Suppose -15*j - b = -20*j. Let z(x) = -2*x + 6. Calculate z(j).
-2
Let d = -87 - -89. Let s(w) = -2*w**2 - 384 - w**d + 4*w**2 + 382. Determine s(-2).
2
Let o(h) = -4*h - 6. Suppose 2*m + 14 = 2*k, m + k = -3*m - 18. Give o(m).
14
Let x(r) = -r - 5. Let a(m) = 10*m + 7. Let n be a(3). Suppose -n = 4*s - 0*s + 3*h, 0 = 5*s - 5*h + 20. Calculate x(s).
2
Suppose 5*o - t + 4*t - 9 = 0, o + t - 1 = 0. Let c(q) be the third derivative of -5*q**4/24 + 2*q**3/3 - 3334*q**2. Give c(o).
-11
Let n be 1/(-3) - (-30)/(-45). Let y be 5*n*14/(-35). Let d(i) = 5 - 2*i**2 + i**y - i**2 - 7*i + 3*i**2. What is d(7)?
5
Let w(b) = -b**3 + 4*b**2 - 3. Let d(y) = -2 + y**3 + y - 9*y**2 + 3*y**2 + 10*y**2. Let v be d(-2). Calculate w(v).
-3
Let i(r) = r - 49. Let p = 1362 - 1362. Calculate i(p).
-49
Let u(k) = -14 - 23 + 39 - 23*k + 22*k. Determine u(14).
-12
Let n be 2/1*(-12)/(6/2). Let i(o) = -o**2 - 8*o + 2. Determine i(n).
2
Let o(l) = 5*l. Let x(z) = 2*z - 22. Suppose 3*p - 46 = -19. Let a be x(p). Determine o(a).
-20
Let n(k) = 66*k**3 - k**2 - 10*k + 3. Let c(w) = -35*w**3 + w**2 + 6*w - 2. Let t(h) = -5*c(h) - 3*n(h). Determine t(1).
-24
Let c(t) be the first derivative of 2*t**3/3 + t**2/2 + 2*t + 126. What is c(3)?
23
Let q(u) = -3*u**3 - 2*u + 37. Let h(j) = 3*j**3 + 2*j - 44. Let s(i) = -5*h(i) - 6*q(i). Calculate s(1).
3
Let r = -35 - -33. Let q be 8/r - (-5)/(-5). Let s(a) = a**3 + 5*a**2 + 2*a - 7. What is s(q)?
-17
Let f(j) = 5*j + 1. Let n = 2 - 4. Let b(u) be the third derivative of -u**6/120 - u**5/30 + u**4/24 + u**3/6 - 5*u**2 + u. Let w be b(n). Calculate f(w).
-4
Suppose -4*u - 5*a = -a - 120, -3*a = -5*u + 142. Let n = 29 - u. Suppose 2*g - 5*p - 21 = n, 4*g - 2*p - 2 = -0*g. Let o(h) = h**2 + 2*h - 1. Determine o(g).
-1
Let x = 7 + -4. Let s(j) be the second derivative of 0 + 1/6*j**3 + j - 1/12*j**4 + 1/2*j**2. Give s(x).
-5
Let f(k) = 6*k**3 - 4*k**2 + 32*k + 8. Let s(w) = -w**3 - 6*w - 1. Let i(u) = -f(u) - 5*s(u). Let m = -6 + 9. Determine i(m).
0
Let z(t) be the first derivative of t**3/3 - 3*t**2 + 6*t + 164. What is z(4)?
-2
Let w(x) = 10 + 18*x**3 - 105*x + 97*x - 17*x**3 - 6*x**2. Give w(7).
3
Let p(l) = -4*l. Let h(a) = 9*a. Let j(s) = -2*h(s) - 5*p(s). Suppose 2*n + i = -n - 14, -2*n - 16 = 2*i. What is j(n)?
-6
Let b(c) = -c**3 - 17*c**2 + c + 12. Let a be -20 + (-6 - 3) + 12. Calculate b(a).
-5
Suppose 6*y = 31*y - 175. Let r(p) = -p**3 + 8*p**2 - 3*p + 5. Calculate r(y).
33
Let p(m) = -9*m - 4. Let z(s) = -s + 1. Let j(o) = p(o) - 4*z(o). Let l(v) = -v. Let f(w) = j(w) - 4*l(w). What is f(0)?
-8
Let i(t) = t**2 + t - 9. Suppose -3*j = 4*g - 374, 32 = -2*j + 4*g + 308. Let b = j + -130. Determine i(b).
-9
Let n(s) = 3*s + 7. Suppose -1052 = 10*g - 1032. Calculate n(g).
1
Let o = -9 + 15. Let x(g) = g**3 - 5*g**2 - 8*g + 8. Give x(o).
-4
Let k(c) be the third derivative of -c**5/60 + 5*c**4/24 - 7*c**3/6 - 4*c**2 + 4. Determine k(6).
-13
Suppose 0 = -2*m + 3 - 19. Let f(z) be the second derivative of -z**5/20 - 7*z**4/12 + 3*z**3/2 + 3*z**2 - 160*z - 1. Give f(m).
-2
Let d(p) = 0*p + 2*p - 6*p + 0*p. Let o be (-21 + 18)*(-1)/3. Determine d(o).
-4
Let o(j) = -9*j - 9*j - 21*j + 50*j. Determine o(-2).
-22
Let m = -318 - -318. Let n(q) = -q**2 + 7. Calculate n(m).
7
Suppose 0 = -z + 2*z - 4. Suppose 3*x = -15, -z*w + x - 4*x + 5 = 0. Let j(n) = -12 + n + w + 9. Give j(3).
5
Let y(g) be the third derivative of -23*g**4/24 - g**3/2 - 9*g**2. Let u(f) = -34*f - 4. Let i(x) = -5*u(x) + 7*y(x). Let n be 2/3*(-3)/(-2). What is i(n)?
8
Let x(s) = 12 + s + 0*s + 2*s - 2*s. Give x(-9).
3
Let v(o) = 5*o**3 + 3*o**2 - 2. Suppose a + 308 = 306. Determine v(a).
-30
Let f(s) be the second derivative of -s**4/12 - s**3/3 + s**2 + 47*s. Let w = -4 + 46. Let a be w/(-15) - (-2)/(-10). Give f(a).
-1
Let n be 2/6*2 + (-25)/(-3). Let w(y) = y**3 - 8*y**2 - 11*y + 9. What is w(n)?
-9
Let f(h) be the third derivative of h**5/60 - 5*h**4/12 - h**3/3 - 56*h**2. What is f(10)?
-2
Let w(d) = -2*d**2 + d + 1. Let z = -1972 + 1972. Determine w(z).
1
Let x(o) = -13*o - 4. Let k(v) = -12*v - 5. Let y(l) = 4*k(l) - 5*x(l). Suppose -b + 1 = 2*m, -3*b + 0*b - 4*m = -3. Determine y(b).
17
Let g(h) = 7*h**2 + 4*h + 9. Let j(n) = -20*n**2 - 11*n - 25. Let u(o) = -11*g(o) - 4*j(o). Give u(2).
13
Let x = -10 + 7. Let m = x + 3. Suppose 4*d - 20 + m = 0. Let i(n) = -n**2 + 4*n + 4. Give i(d).
-1
Let q(w) = 2*w - 2. Let l = 35 - 34. Let k be 7/(-1)*-2*l/2. Give q(k).
12
Let f(j) = -j**2 - 21. Suppose 14*l + 14 = 14. Give f(l).
-21
Suppose 3*j + 2*b - 3 = -2*j, -j - 17 = -4*b. Let q = -3 + j. Let v(g) = 0*g**2 - 3*g + 3*g**2 + 4 - 4*g**2. Give v(q).
0
Let n(b) = b**3 - b + 1. Let d = -89 - -90. Let l be n(d). Let m(a) = -10*a. What is m(l)?
-10
Let b = 134 + -1